5. Suppose v*i + 14 = -a - 0*a, y = -i. What is the units digit of a?
1
Let r(s) = 6*s + 13. What is the tens digit of r(7)?
5
Let j(w) = 2*w**2 - 2*w - 5. Let v(h) = -2*h + 6. Let t be v(5). Let u be j(t). Suppose -3*p = 2*p - u. What is the units digit of p?
7
Let c(k) = 7*k**2 - 2*k + 9. Let a(u) = 20*u**2 - 6*u + 26. Let g(p) = 6*a(p) - 17*c(p). What is the units digit of g(3)?
6
Suppose 2*m + 2*m = 252. What is the units digit of 333/m + (-4)/14?
5
Suppose 590 = 10*c + 50. What is the tens digit of c?
5
Let p(n) be the first derivative of n**4/4 + 3*n**3 + 3*n**2 - 8*n + 1. What is the units digit of p(-8)?
8
Let n = -6 + 10. What is the units digit of n?
4
Suppose 3*q + 16 = -q. What is the units digit of 2*(1 - 10/q)?
7
Let w(t) = 4*t**3 + 8*t**2 - 3*t - 3. Let v(p) = -11*p**3 - 23*p**2 + 9*p + 9. Let k(d) = 3*v(d) + 8*w(d). What is the tens digit of k(-6)?
2
Let k(v) = v**3 - 4*v**2 + 11*v - 23. What is the units digit of k(3)?
1
Let h(a) = 4*a**2 + 1. Let i be h(1). Suppose -b + 4*m + 3 = 0, b + 0*b = -i*m + 3. What is the units digit of b?
3
Let h(s) = 11*s**3 - 9*s + 6. Let r(b) = 4*b**3 - 3*b + 2. Let c(v) = 3*h(v) - 8*r(v). Let k be c(2). Suppose 9*f - 45 = k*f. What is the units digit of f?
9
Let d(w) = -w**3 + 26. Let u be d(0). Suppose x - u + 3 = 0. What is the units digit of x?
3
Suppose -12*y + 0*y + 420 = 0. What is the units digit of y?
5
Suppose 0 = 2*l - 7*c + 3*c - 62, -4*l + 94 = -2*c. What is the tens digit of l?
2
Let b = -13 - -99. Suppose -3*l - 4*z = -b, -z = -l - 2*z + 27. What is the units digit of l?
2
What is the tens digit of ((-320)/(-35) - 4)*7?
3
What is the tens digit of (5/20)/((-2)/(-424))?
5
Let q = -277 - -490. What is the units digit of q?
3
Suppose 0 = 3*m - 4*z + 18, -m - 5*z + 2*z = 6. Let y(x) = -x**2 - 10*x - 8. What is the units digit of y(m)?
6
Let p(q) = q**2 - 9*q - 3. Let l(j) = 2*j**2 - 10*j - 2. Let x(i) = 2*l(i) - 3*p(i). What is the tens digit of x(-9)?
2
Let l be 9/2*32/(-12). Let c = -3 - l. What is the units digit of c?
9
Let k be (-3 + 45/21)*-42. Let t = -24 + k. What is the units digit of t?
2
Let u(r) be the second derivative of r**3/6 + r**2 - 3*r. What is the units digit of u(16)?
8
Let n = 4 - -1. Suppose 4*q = -2*w + 4, -3 = n*q + 2. What is the units digit of w?
4
Let a(j) = 2*j**2 + 3*j - 3. Suppose 2 - 9 = -v - z, -5*v = -4*z + 10. Suppose 0 = -d - v*d - 9. What is the units digit of a(d)?
6
Suppose 2*u + 45 = 7*u. Let n = -2 + 7. Let i = u - n. What is the units digit of i?
4
Let g = 149 - 62. What is the units digit of g?
7
Suppose -4*u + 11 = -281. What is the units digit of u?
3
Let w be 284/20 - 1/5. Let b = 42 - w. What is the tens digit of b?
2
Let a(y) = 119*y**3 + y**2 - 2*y + 1. Let u be a(1). Suppose 5*d + u = 34. What is the tens digit of d/(-1)*(1 + 0)?
1
Let a(f) = 2*f**2 - 16*f + 18. Let i(q) = -q**2 + 8*q - 9. Let h(r) = 6*a(r) + 13*i(r). What is the units digit of h(4)?
7
Let f = -9 - -12. What is the units digit of f?
3
Let f = 17 + -24. Let j = 22 + -43. Let b = f - j. What is the units digit of b?
4
What is the units digit of (33/2)/(27/180)?
0
Let m = -7 + -6. Let q = 21 + m. What is the units digit of q/(-6)*12/(-8)?
2
Suppose 0 = -2*x - 3*x. Suppose 2*m + 0*m - 32 = x. What is the tens digit of m?
1
Let h(u) = 211*u - 2. What is the tens digit of h(1)?
0
Suppose 0 = -0*w - 2*w - t + 32, -4*w + 50 = -5*t. What is the tens digit of w?
1
Let t = 10 + 0. Let k be (-5)/2*t/(-5). Suppose 0 = 5*m - z - 34, 0*m = 5*m - k*z - 50. What is the units digit of m?
6
Let z(t) = -4*t**3 + 4*t**2 - 4*t - 9. What is the tens digit of z(-3)?
4
Let g = 10 + -16. Let x(y) = -2*y - 8. Let w be x(g). Suppose b - 5*p = -13, 18 = w*p + 6. What is the units digit of b?
2
Let l(h) = -h**3 + h**2 + h + 5. Suppose 0*u = u - 4. Suppose 2*k - 5*w - 9 = -2*w, 5*w + 15 = -u*k. What is the units digit of l(k)?
5
Let z = 6 - 9. Let y be (-1 + (-6)/z)*12. Suppose -5*v = -3*m + 28, 3*v - y = -4*m + m. What is the units digit of m?
6
Let z(p) = 7*p**3 - 2*p**2 + p - 2. What is the tens digit of z(2)?
4
Suppose 3*b + 12 = -0*b. Let r(n) = n**3 + 5*n**2 + n - 2. What is the tens digit of r(b)?
1
Suppose -4*b + 33 = -y, b + 3 = -3*y + 8. What is the units digit of b?
8
Suppose -28 = -m + 56. Let s = m + -51. What is the tens digit of s?
3
Suppose 4*u = 7 + 1. Let f = 0 + 0. Suppose u*v + f = 2. What is the units digit of v?
1
Let d(f) = -2*f + 7. What is the units digit of d(-6)?
9
Let a(v) = v**3 - 5*v**2 - 6*v + 1. Let l be a(6). Suppose -11 = 2*g - l. Let o = 15 + g. What is the units digit of o?
0
Let c = 0 + 5. Let g = c - 1. Suppose -3*y - 6 = -g*y. What is the units digit of y?
6
Suppose -2*z + 0*b - 87 = 5*b, -3*z + 4*b - 188 = 0. What is the units digit of 4/(-6) - z/21?
2
Let v(w) = w**2 + 5*w - 2. Let f(j) = j**3 - 7*j**2 + 4*j + 5. Let y be f(6). What is the tens digit of v(y)?
1
Let x(g) = -g**3 - 5*g**2 - 7*g - 5. Suppose -2 + 6 = z. Suppose -2*o + 3 = -5*p - 13, 0 = -4*p + z*o - 8. What is the units digit of x(p)?
7
Suppose -19 = -2*k + 5. Let t(c) = c**3 - 11*c**2 - 9*c - 15. Let z be t(k). Suppose -z + 6 = -5*l. What is the units digit of l?
3
Suppose -b = -23 - 22. What is the units digit of b?
5
Let o(b) = b**2 - 2*b + 4. Let w be o(3). Suppose -1 = 3*u - w. What is the units digit of 2*(-1)/(u/(-6))?
6
Suppose 0 = 2*a + 3*a + 80. Let z = 24 + a. What is the units digit of z?
8
Let d(r) be the second derivative of -r**8/6720 + r**5/120 - r**4/6 + 2*r. Let z(h) be the third derivative of d(h). What is the units digit of z(0)?
1
Suppose -3*b + 5*b = -42. What is the units digit of (-175)/b + 2/(-6)?
8
Suppose -2*o + 3 = k, -k + o = -2*k - 1. Let d be (k/(10/(-6)))/1. Suppose -d*f = 2*f - 15. What is the units digit of f?
3
Let p be -9 + 6 - (0 - 1). Let k = p + 5. Suppose 2*t + k*t - 25 = 0. What is the units digit of t?
5
Let y(d) = 2*d**2 - 10*d - 8. Let k be y(-7). Suppose k = -v + 6*v. Suppose -4*u + 4*z + v = -0*u, 0 = -4*u + 2*z + 24. What is the units digit of u?
4
Suppose -4*g + 152 = 2*m, -2*g - 172 = -4*m + 152. What is the tens digit of m?
8
Suppose -a + 187 = 4*o, o + 2*a - 13 - 25 = 0. What is the units digit of o?
8
Let z(y) = -y**3 + 5*y**2 - 2*y - 5. Let s be z(4). Suppose 0*p + 30 = s*p. What is the tens digit of p?
1
Let p(d) = d**2 + 7*d + 4. Let x be p(-8). Suppose 0*w - x = -3*w. What is the units digit of w?
4
Suppose 56 = -5*q + 7*q. Let v = q - 18. What is the tens digit of v?
1
Let o(j) = 3*j**2 + 13*j - 18. What is the units digit of o(9)?
2
Suppose -h = -3*h. Let u = h - -7. Suppose -1 = 2*y - u. What is the units digit of y?
3
Let s(d) = -8*d + 15. What is the units digit of s(-3)?
9
Let x(w) = 12*w**2 - 2 - 13*w**2 - 1 + 7*w. Suppose 4*o + 0*h = 5*h + 20, -3*o + 2*h = -15. What is the units digit of x(o)?
7
Let c be ((-1 + -4)/(-1))/1. Suppose 4*v = c*d - 3, -4*d - 4*v + 18 = -2*d. What is the units digit of d?
3
Suppose 0 = -2*m + 3*m + p - 4, -2*m + 3*p - 2 = 0. Let l be m/8 - 45/20. Let z = l + 6. What is the units digit of z?
4
Let o = 11 - 19. What is the units digit of 7*1 - (o - -7)?
8
Let x = -7 + 21. What is the tens digit of x?
1
Let w(a) = -40*a + 9. What is the hundreds digit of w(-6)?
2
Suppose 0 = 2*n - 36 - 188. What is the tens digit of n?
1
Let p be ((-6)/4)/((-36)/600). Let l = -5 + -6. Let s = p + l. What is the tens digit of s?
1
Suppose a - t - 37 = 0, 5*a + 4*t = -33 + 254. What is the units digit of a?
1
Let c be (-1 - -1)/1*1. Suppose c = 4*u - 27 - 93. Suppose -3*q + u = 3. What is the units digit of q?
9
Suppose 3*i + i - 12 = 0. Let q be 3/i*10/(-1). Let f = 15 + q. What is the units digit of f?
5
Let v = 19 + 1. Suppose -2*u = -6*u + v. What is the units digit of (u/3)/((-1)/(-3))?
5
Suppose -12 = 4*v, -21 + 140 = u + 3*v. What is the hundreds digit of u?
1
What is the tens digit of (44/(-11))/(1 - 20/19)?
7
Suppose -5*s + 855 = -0*s. What is the tens digit of s?
7
Let b = -28 - 8. Let v = b - -53. What is the units digit of v?
7
Let a(w) = w + 3. Suppose 32 = 2*u - 2*s, 3*u = -3*s - 0*s + 60. Let q be (u/12)/(3/(-4)). What is the units digit of a(q)?
1
Let g(d) = 2*d + 6. Suppose 3*t + 2 = 4*q, -2*t = -0*t + 4*q + 28. Let p be g(t). Let v(h) = -3*h - 9. What is the units digit of v(p)?
9
Let q = -15 + 10. Let v(